t d = 9 + -17. Let n(i) = -i**3 - 9*i**2 - 8*i + 5. Let j be n(d). Let h = 13 - j. What are the prime factors of h?
2
Let i(f) = -6*f + 14. List the prime factors of i(-12).
2, 43
Suppose 0 = -2*x - 0*x + 4. Suppose -4*j + 7 = -q, 5*j + x*q = 7*q + 5. Suppose j*t - 2 = 6. List the prime factors of t.
2
Let i = 146 + -46. Suppose 0 = -4*d - 0*s + s + i, 4*d - 100 = -3*s. List the prime factors of d.
5
What are the prime factors of (-7 + 9)*(-28)/(-2)?
2, 7
Let q(p) = 36*p + 6. What are the prime factors of q(6)?
2, 3, 37
Let d(n) = -29*n - 1. Let j = 20 - 21. What are the prime factors of d(j)?
2, 7
Let p(a) = 5*a**2 + a + 5. Let c(v) = 81*v**2 + 15*v + 81. Let w(t) = -2*c(t) + 33*p(t). What are the prime factors of w(-2)?
3
Let f = -54 + 112. What are the prime factors of f?
2, 29
Suppose -3*c - 2*c - 25 = 0. Let d = 32 + c. What are the prime factors of d?
3
Suppose 632 = -6*m + 10*m. List the prime factors of m.
2, 79
Let i = -21 - -23. Suppose -z - 10 = -i*z. List the prime factors of z.
2, 5
Let j be ((-24)/10)/((-2)/(-15)). Let p = -9 - j. What are the prime factors of p?
3
Let u(w) = w + 3. Let o be u(7). Suppose 2*a - 10 = -2*h + 5*a, 2*a + o = 3*h. What are the prime factors of h?
2
Let m = 119 - 84. What are the prime factors of m?
5, 7
Suppose -39*s = -35*s - 208. List the prime factors of s.
2, 13
Suppose -5*d + 6*d - 4 = 0. List the prime factors of ((-246)/24)/((-1)/d).
41
Suppose 2*h = -4*m + 44, -h = 5*m - 0*m - 58. Suppose -2*b = b - m. List the prime factors of -1*(b + -1)*-1.
3
Suppose -2*d + 32 = -0*d. Suppose 3*s - 8 = d. List the prime factors of (3/2)/(6/s).
2
Let s = 85 + -16. What are the prime factors of s?
3, 23
Suppose -828 = 4*h - 13*h. List the prime factors of h.
2, 23
Let m = 2 - 1. Let n = m - -2. Suppose -2*v + 2*c = -0*v - 22, -c = n. What are the prime factors of v?
2
Let p = -1 - -3. Let o(m) = -m**p + 0*m + 0*m - 3*m + m**3 + 3. What are the prime factors of o(3)?
2, 3
Let o = 131 + -222. List the prime factors of (-131)/(-7) - 26/o.
19
Let g = -62 - -88. List the prime factors of g.
2, 13
Let x be (10/3 + 0)*6. Let a = 1 + x. List the prime factors of a.
3, 7
Let s(q) = 3*q**2 - 2*q - 3. List the prime factors of s(3).
2, 3
Let b = 74 - 53. What are the prime factors of b?
3, 7
Let u(x) = -x + 7. Let a be u(5). Let g(h) = 4*h**2 - 1. List the prime factors of g(a).
3, 5
Let y = 86 + -53. Suppose 0 = m - 4*m + y. What are the prime factors of m?
11
Let j(w) = -4 + 0*w - 6*w + 3*w + w**2 - w. Let k(t) = -t - 1. Let y(n) = j(n) - 2*k(n). What are the prime factors of y(4)?
2, 3
Let p = 3 - -4. Suppose 3*a - p = 5. List the prime factors of a.
2
Let m(h) = 6*h**2 + 4*h + 5. Let i be m(5). Suppose 4*l - 9*l + i = 0. List the prime factors of l.
5, 7
Let u be 2 + 0 + -14*1. Let s = u + 25. List the prime factors of s.
13
Let n(t) be the first derivative of t**5/20 - t**4/3 + 2*t**3/3 - 5*t**2/2 + 2*t - 2. Let s(w) be the first derivative of n(w). List the prime factors of s(4).
11
Let s(b) = -b + 5. Let o be s(5). Suppose -36 = -o*n - 3*n. List the prime factors of n.
2, 3
Suppose 4*p + z = 4, -2*z = p + z - 12. Suppose -3*h + 21 + 18 = p. What are the prime factors of h?
13
Suppose 0 = -2*p + 10 + 12. Let j = -1 + 3. Let n = p - j. List the prime factors of n.
3
Let f = -27 - -48. Suppose 0 = -3*r + 4*r. Suppose -y + 4*y - f = r. List the prime factors of y.
7
What are the prime factors of 4/26 - 1842/(-26)?
71
Let v = 33 + 28. List the prime factors of v.
61
Suppose 0*p = p + 14. Let f = -21 - p. Let o(g) = -g + 1. List the prime factors of o(f).
2
Suppose -5*u = 0, 10 = 5*x + 4*u - 10. Suppose 2*j = 3*w - x, j + 0*j = -2*w + 5. Suppose 30 = c + w*c. What are the prime factors of c?
2, 5
Let q = 57 + -41. List the prime factors of 4/q - (-46)/8.
2, 3
Suppose -14 = -k + 4*u, u - 5*u + 38 = k. Let z = -10 + k. Let c = -9 + z. List the prime factors of c.
7
Let b be 3/(-12) + (-235)/20. Let m = 34 + b. List the prime factors of m.
2, 11
Suppose -4*a = 3*j - 57, 2*a = 2*j - 7 + 39. Suppose a*p + 40 = 20*p. List the prime factors of p.
2
Suppose 0 = 5*k + k - 282. What are the prime factors of k?
47
Suppose 5*v - 3*b = 178, 4*b - 12 = 4*v - 148. List the prime factors of v.
2, 19
Let o = -23 - -38. List the prime factors of o.
3, 5
Let k = 5 - 5. Suppose k = -n + 3*n - 8. Suppose 2*d = n + 8. List the prime factors of d.
2, 3
Suppose 0*w - 2*w = -3*v - 16, 2*w + 5*v = 0. Let k be ((-7)/(-14))/((1/22)/(-1)). Let r = w - k. List the prime factors of r.
2
Let m = 101 - 41. Let w = 5 + -1. Suppose w*j - 5*o = 53, 0 = -3*j - 2*j + 5*o + m. List the prime factors of j.
7
Let g be 75/7 - (-2)/7. Let u = -55 - -52. Let x = u + g. What are the prime factors of x?
2
Let c(b) = b**2 + 12*b - 10. Let v(i) = -14*i + 7. Let m be v(-10). Let l be (-12)/16 - m/12. List the prime factors of c(l).
3
Suppose 0*m - 2*m = o + 8, -5*o = m + 40. Let k be (156/o)/((-2)/4). What are the prime factors of 1/(-3) - k/(-9)?
2
List the prime factors of 7056/40 + (16/(-10))/4.
2, 11
Let x(s) = 18*s + 28. List the prime factors of x(4).
2, 5
Let x = 89 + -140. Let i = 88 + x. List the prime factors of i.
37
Suppose -v + 16 = -2*p - 0*p, -v + 4*p = -26. Suppose 0 = -v*d + 4*d - 22. Let z = -7 - d. List the prime factors of z.
2
Let z = 58 + -35. List the prime factors of z.
23
Let m(d) = d**2 + 10*d + 32. List the prime factors of m(-9).
23
Suppose -140 = -4*g - 4. Let w be g + 1 + 2*1. Let o = -25 + w. What are the prime factors of o?
2, 3
Suppose -8 = -0*j + j - 4*m, 6 = 3*m. Suppose 0 = -j*v - 2*v + 4. Suppose -v = -k + 1. List the prime factors of k.
3
Let d(h) = h**3 + 3*h - 3. Let o be d(2). Suppose -3*k + 35 - o = 0. List the prime factors of k.
2
Let t be 4/(-3)*(-15)/2. Suppose 2*o + 3*o = t. Suppose 3*u - 2 = q + 8, q + 6 = o*u. What are the prime factors of u?
2
Suppose 0 = -4*u - t + 263 - 8, 5*u + t - 318 = 0. What are the prime factors of u?
3, 7
Let q(n) = n**3 + 12*n**2 + 13. Let g be q(-10). Suppose g = 6*d - 87. What are the prime factors of d?
2, 5
Suppose -2*x + 5*t - t + 82 = 0, 5*x - 211 = 4*t. Suppose 4*u - 3*u - x = 0. What are the prime factors of u?
43
Let o(b) = -b + 7. Let r be (-4)/(-6) - 13/(-3). Let n be o(r). Suppose 4*y + a - 10 = 0, 6*y - 2*y + 5*a = n. What are the prime factors of y?
3
Let u = -21 - -27. List the prime factors of u.
2, 3
List the prime factors of (-4)/10 + 1176/40.
29
Let u = -6 + 12. List the prime factors of u.
2, 3
Suppose 4*y = 4*r - 2*r, -4*y + 3*r = 4. Suppose y - 8 = -d. What are the prime factors of d?
2, 3
Suppose -2*l = q + 2*q + 310, -l = 2*q + 207. Let x = -68 - q. List the prime factors of x.
2, 3
Let g(j) = -j - 3. Suppose -2*f + 26 = -2*o, 2*o + 21 = 5*f - 20. Let b be g(o). Let r = b + 1. List the prime factors of r.
2, 3
Let g = 5 + -2. Suppose -2*n = g*a - 4, 3*n - 1 = -13. What are the prime factors of a?
2
Suppose -x + 3*b - 2 + 0 = 0, -16 = -2*x - 4*b. Let g = 0 - 0. Suppose g*d = -x*d + 8. What are the prime factors of d?
2
Suppose -3*y = -y - l - 9, 8 = y - 4*l. Suppose -2*g - 2*n = -50, g - 5*g = -y*n - 100. What are the prime factors of g?
5
Let f = -3 + 3. Suppose f = 4*m + 29 - 93. What are the prime factors of m?
2
Suppose -3*y + 2*y + 7 = 0. What are the prime factors of y?
7
Suppose 2*h + 0*h + r = 10, 0 = 5*h - 4*r + 1. Suppose w = -h*w. Suppose 0 = -5*s + 2*k + 15, s + s + 5*k - 6 = w. List the prime factors of s.
3
Let d = 0 - -4. Suppose 4*t - 33 = -5*y, 0*t - 4*y = 5*t - 30. Suppose -10 = -t*k - d*z, -z - 3*z = -4. What are the prime factors of k?
3
Let s = 120 + -28. Suppose u = -5*k + 23, -5*u + s = -u - 4*k. List the prime factors of u.
23
Let a(f) = 7*f**2 + 7*f - 2. List the prime factors of a(3).
2, 41
Suppose 4*k = -4*t, 3*k = -3*t - t. Let o(c) = c**3 - c + 21. Let y be o(t). Let f = -13 + y. What are the prime factors of f?
2
Let b = -8 + 13. Suppose b = 3*u - 2*q - 3, 25 = 5*q. What are the prime factors of u?
2, 3
Let q(p) = -p**3 + 6*p**2 + 8*p - 2. Let o be q(7). What are the prime factors of (-27)/(-15) + 1/o?
2
Let x(t) = -5*t + 4. List the prime factors of x(-1).
3
Let n = -4 - -4. Suppose 2*r + n = 10. Suppose r + 1 = j. What are the prime factors of j?
2, 3
Let x be 3 - 2 - 0 - -4. List the prime factors of 1/x + 89/5.
2, 3
Let b = 95 - 6